{"id":578,"date":"2025-09-25T06:05:24","date_gmt":"2025-09-25T06:05:24","guid":{"rendered":"https:\/\/jperez.inscastellbisbal.net\/?page_id=578"},"modified":"2025-09-25T07:22:21","modified_gmt":"2025-09-25T07:22:21","slug":"acces-a-totes-les-plataformes-web","status":"publish","type":"page","link":"https:\/\/jperez.inscastellbisbal.net\/index.php\/acces-a-totes-les-plataformes-web\/","title":{"rendered":"Acc\u00e9s a totes les plataformes web"},"content":{"rendered":"\n<p><strong>Moodle (eLearning)<\/strong><\/p>\n\n\n\n<p>El Moodle serveix per treballs i tasques, tambe el pots fer servir per posar enlla\u00e7 de videos i despres posar un cuestonari del video.<\/p>\n\n\n\n<figure class=\"wp-block-image size-large\"><img fetchpriority=\"high\" decoding=\"async\" width=\"1024\" height=\"444\" src=\"https:\/\/jperez.inscastellbisbal.net\/wp-content\/uploads\/2025\/09\/image-81-1024x444.png\" alt=\"\" class=\"wp-image-582\" srcset=\"https:\/\/jperez.inscastellbisbal.net\/wp-content\/uploads\/2025\/09\/image-81-1024x444.png 1024w, https:\/\/jperez.inscastellbisbal.net\/wp-content\/uploads\/2025\/09\/image-81-300x130.png 300w, https:\/\/jperez.inscastellbisbal.net\/wp-content\/uploads\/2025\/09\/image-81-768x333.png 768w, https:\/\/jperez.inscastellbisbal.net\/wp-content\/uploads\/2025\/09\/image-81-1536x665.png 1536w, https:\/\/jperez.inscastellbisbal.net\/wp-content\/uploads\/2025\/09\/image-81.png 1902w\" sizes=\"(max-width: 1024px) 100vw, 1024px\" \/><\/figure>\n\n\n\n<p><strong>iEduca (assist\u00e8ncia \/ disciplina)<\/strong><\/p>\n\n\n\n<p>El iEduca serveix per treball dependen si ets profesor, estuidiant o familiar.<\/p>\n\n\n\n<p><strong>Profesor:<\/strong> posar notes, fer el seguiment de l\u2019alumnat i comunicar-se amb fam\u00edlies<\/p>\n\n\n\n<p><strong>Estudiant:<\/strong> consultar horaris, notes, deures i avisos.<\/p>\n\n\n\n<p><strong>Families:<\/strong> rebre informaci\u00f3 del centre, veure el rendiment acad\u00e8mic i comunicar-se amb els tutors.<\/p>\n\n\n\n<figure class=\"wp-block-image size-large\"><img decoding=\"async\" width=\"1024\" height=\"507\" src=\"https:\/\/jperez.inscastellbisbal.net\/wp-content\/uploads\/2025\/09\/image-82-1024x507.png\" alt=\"\" class=\"wp-image-583\" srcset=\"https:\/\/jperez.inscastellbisbal.net\/wp-content\/uploads\/2025\/09\/image-82-1024x507.png 1024w, https:\/\/jperez.inscastellbisbal.net\/wp-content\/uploads\/2025\/09\/image-82-300x149.png 300w, https:\/\/jperez.inscastellbisbal.net\/wp-content\/uploads\/2025\/09\/image-82-768x381.png 768w, https:\/\/jperez.inscastellbisbal.net\/wp-content\/uploads\/2025\/09\/image-82-1536x761.png 1536w, https:\/\/jperez.inscastellbisbal.net\/wp-content\/uploads\/2025\/09\/image-82.png 1695w\" sizes=\"(max-width: 1024px) 100vw, 1024px\" \/><\/figure>\n\n\n\n<p><strong>Miro (eina de treball)<\/strong><\/p>\n\n\n\n<p>El miro serveix per organitzar el treball, per exemple, en progreso, no fet, fet, repetirlo (si esta malament) i molt mes.<\/p>\n\n\n\n<figure class=\"wp-block-image size-large\"><img decoding=\"async\" width=\"1024\" height=\"440\" src=\"https:\/\/jperez.inscastellbisbal.net\/wp-content\/uploads\/2025\/09\/image-83-1024x440.png\" alt=\"\" class=\"wp-image-590\" srcset=\"https:\/\/jperez.inscastellbisbal.net\/wp-content\/uploads\/2025\/09\/image-83-1024x440.png 1024w, https:\/\/jperez.inscastellbisbal.net\/wp-content\/uploads\/2025\/09\/image-83-300x129.png 300w, https:\/\/jperez.inscastellbisbal.net\/wp-content\/uploads\/2025\/09\/image-83-768x330.png 768w, https:\/\/jperez.inscastellbisbal.net\/wp-content\/uploads\/2025\/09\/image-83-1536x660.png 1536w, https:\/\/jperez.inscastellbisbal.net\/wp-content\/uploads\/2025\/09\/image-83.png 1900w\" sizes=\"(max-width: 1024px) 100vw, 1024px\" \/><\/figure>\n\n\n\n<figure class=\"wp-block-image size-full is-resized\"><img loading=\"lazy\" decoding=\"async\" width=\"338\" height=\"781\" src=\"https:\/\/jperez.inscastellbisbal.net\/wp-content\/uploads\/2025\/09\/image-84.png\" alt=\"\" class=\"wp-image-591\" style=\"width:289px;height:auto\" srcset=\"https:\/\/jperez.inscastellbisbal.net\/wp-content\/uploads\/2025\/09\/image-84.png 338w, https:\/\/jperez.inscastellbisbal.net\/wp-content\/uploads\/2025\/09\/image-84-130x300.png 130w\" sizes=\"(max-width: 338px) 100vw, 338px\" \/><\/figure>\n\n\n\n<p><strong>Canva (eina de treball)<\/strong><\/p>\n\n\n\n<p>Serveix per crear plantillas de tot tipos, exemples, videos, presentacions, editor de fotos, pissarra i molt mes.<\/p>\n\n\n\n<figure class=\"wp-block-image size-large\"><img loading=\"lazy\" decoding=\"async\" width=\"1024\" height=\"238\" src=\"https:\/\/jperez.inscastellbisbal.net\/wp-content\/uploads\/2025\/09\/image-85-1024x238.png\" alt=\"\" class=\"wp-image-594\" srcset=\"https:\/\/jperez.inscastellbisbal.net\/wp-content\/uploads\/2025\/09\/image-85-1024x238.png 1024w, https:\/\/jperez.inscastellbisbal.net\/wp-content\/uploads\/2025\/09\/image-85-300x70.png 300w, https:\/\/jperez.inscastellbisbal.net\/wp-content\/uploads\/2025\/09\/image-85-768x178.png 768w, https:\/\/jperez.inscastellbisbal.net\/wp-content\/uploads\/2025\/09\/image-85-1536x357.png 1536w, https:\/\/jperez.inscastellbisbal.net\/wp-content\/uploads\/2025\/09\/image-85.png 1704w\" sizes=\"(max-width: 1024px) 100vw, 1024px\" \/><\/figure>\n\n\n\n<p><strong>Netacad (eLearning)<\/strong><\/p>\n\n\n\n<p>Serveix per treballs i veure informacio, pots crear la teva informacio per els demes persones.<\/p>\n\n\n\n<figure class=\"wp-block-image size-large\"><img loading=\"lazy\" decoding=\"async\" width=\"1024\" height=\"38\" src=\"https:\/\/jperez.inscastellbisbal.net\/wp-content\/uploads\/2025\/09\/image-86-1024x38.png\" alt=\"\" class=\"wp-image-597\" srcset=\"https:\/\/jperez.inscastellbisbal.net\/wp-content\/uploads\/2025\/09\/image-86-1024x38.png 1024w, https:\/\/jperez.inscastellbisbal.net\/wp-content\/uploads\/2025\/09\/image-86-300x11.png 300w, https:\/\/jperez.inscastellbisbal.net\/wp-content\/uploads\/2025\/09\/image-86-768x28.png 768w, https:\/\/jperez.inscastellbisbal.net\/wp-content\/uploads\/2025\/09\/image-86-1536x56.png 1536w, https:\/\/jperez.inscastellbisbal.net\/wp-content\/uploads\/2025\/09\/image-86.png 1908w\" sizes=\"(max-width: 1024px) 100vw, 1024px\" \/><\/figure>\n\n\n\n<figure class=\"wp-block-image size-large\"><img loading=\"lazy\" decoding=\"async\" width=\"1024\" height=\"505\" src=\"https:\/\/jperez.inscastellbisbal.net\/wp-content\/uploads\/2025\/09\/image-87-1024x505.png\" alt=\"\" class=\"wp-image-598\" srcset=\"https:\/\/jperez.inscastellbisbal.net\/wp-content\/uploads\/2025\/09\/image-87-1024x505.png 1024w, https:\/\/jperez.inscastellbisbal.net\/wp-content\/uploads\/2025\/09\/image-87-300x148.png 300w, https:\/\/jperez.inscastellbisbal.net\/wp-content\/uploads\/2025\/09\/image-87-768x379.png 768w, https:\/\/jperez.inscastellbisbal.net\/wp-content\/uploads\/2025\/09\/image-87-1536x757.png 1536w, https:\/\/jperez.inscastellbisbal.net\/wp-content\/uploads\/2025\/09\/image-87.png 1678w\" sizes=\"(max-width: 1024px) 100vw, 1024px\" \/><\/figure>\n\n\n\n<p><strong>IsardVDI (eina de treball)<\/strong><\/p>\n\n\n\n<p>IsardVDI es una plataforma oberta de virtualitzacio d\u2019escriptoris que permet oferir laboratoris i entorns de treball remots de manera centralitzada, facil i accessible des del navegador.<\/p>\n\n\n\n<figure class=\"wp-block-image size-full is-resized\"><img loading=\"lazy\" decoding=\"async\" width=\"771\" height=\"854\" src=\"https:\/\/jperez.inscastellbisbal.net\/wp-content\/uploads\/2025\/09\/image-88.png\" alt=\"\" class=\"wp-image-600\" style=\"width:444px;height:auto\" srcset=\"https:\/\/jperez.inscastellbisbal.net\/wp-content\/uploads\/2025\/09\/image-88.png 771w, https:\/\/jperez.inscastellbisbal.net\/wp-content\/uploads\/2025\/09\/image-88-271x300.png 271w, https:\/\/jperez.inscastellbisbal.net\/wp-content\/uploads\/2025\/09\/image-88-768x851.png 768w\" sizes=\"(max-width: 771px) 100vw, 771px\" \/><\/figure>\n\n\n\n<p><strong>Classroom (eina de treball)<\/strong><\/p>\n\n\n\n<p>El Classroom serveix per crear clases i unirte tambe a altres clases, pots posar tasques, videos, fotos i mes.<\/p>\n\n\n\n<figure class=\"wp-block-image size-large is-resized\"><img loading=\"lazy\" decoding=\"async\" width=\"1024\" height=\"374\" src=\"https:\/\/jperez.inscastellbisbal.net\/wp-content\/uploads\/2025\/09\/image-89-1024x374.png\" alt=\"\" class=\"wp-image-603\" style=\"width:490px;height:auto\" srcset=\"https:\/\/jperez.inscastellbisbal.net\/wp-content\/uploads\/2025\/09\/image-89-1024x374.png 1024w, https:\/\/jperez.inscastellbisbal.net\/wp-content\/uploads\/2025\/09\/image-89-300x109.png 300w, https:\/\/jperez.inscastellbisbal.net\/wp-content\/uploads\/2025\/09\/image-89-768x280.png 768w, https:\/\/jperez.inscastellbisbal.net\/wp-content\/uploads\/2025\/09\/image-89-1536x560.png 1536w, https:\/\/jperez.inscastellbisbal.net\/wp-content\/uploads\/2025\/09\/image-89.png 1919w\" sizes=\"(max-width: 1024px) 100vw, 1024px\" \/><\/figure>\n\n\n\n<p><strong>PUE IT Skills (eLearning)<\/strong><\/p>\n\n\n\n<p>El PUE IT Skills \u00e9s un programa de formaci\u00f3 i certificaci\u00f3 oficial en tecnologies TIC que ajuda a millorar compet\u00e8ncies digitals i ocupabilitat.<\/p>\n\n\n\n<figure class=\"wp-block-image size-large\"><img loading=\"lazy\" decoding=\"async\" width=\"1024\" height=\"551\" src=\"https:\/\/jperez.inscastellbisbal.net\/wp-content\/uploads\/2025\/09\/image-90-1024x551.png\" alt=\"\" class=\"wp-image-607\" srcset=\"https:\/\/jperez.inscastellbisbal.net\/wp-content\/uploads\/2025\/09\/image-90-1024x551.png 1024w, https:\/\/jperez.inscastellbisbal.net\/wp-content\/uploads\/2025\/09\/image-90-300x162.png 300w, https:\/\/jperez.inscastellbisbal.net\/wp-content\/uploads\/2025\/09\/image-90-768x413.png 768w, https:\/\/jperez.inscastellbisbal.net\/wp-content\/uploads\/2025\/09\/image-90.png 1497w\" sizes=\"(max-width: 1024px) 100vw, 1024px\" \/><\/figure>\n\n\n\n<p><strong>WordPress propi (eina de treball)<\/strong><\/p>\n\n\n\n<p>El WordPress serveix per crear la teva WEB, tens que pagar al mes per utilitzarlo, en la teva WEB pots posar text, videos, imatgues, Google Maps (una direccio) i molt mes.<\/p>\n\n\n\n<figure class=\"wp-block-image size-large\"><img loading=\"lazy\" decoding=\"async\" width=\"1024\" height=\"463\" src=\"https:\/\/jperez.inscastellbisbal.net\/wp-content\/uploads\/2025\/09\/image-91-1024x463.png\" alt=\"\" class=\"wp-image-609\" srcset=\"https:\/\/jperez.inscastellbisbal.net\/wp-content\/uploads\/2025\/09\/image-91-1024x463.png 1024w, https:\/\/jperez.inscastellbisbal.net\/wp-content\/uploads\/2025\/09\/image-91-300x136.png 300w, https:\/\/jperez.inscastellbisbal.net\/wp-content\/uploads\/2025\/09\/image-91-768x348.png 768w, https:\/\/jperez.inscastellbisbal.net\/wp-content\/uploads\/2025\/09\/image-91-1536x695.png 1536w, https:\/\/jperez.inscastellbisbal.net\/wp-content\/uploads\/2025\/09\/image-91.png 1907w\" sizes=\"(max-width: 1024px) 100vw, 1024px\" \/><\/figure>\n","protected":false},"excerpt":{"rendered":"<p>Moodle (eLearning) El Moodle serveix per treballs i tasques, tambe el pots fer servir per posar enlla\u00e7 de videos i despres posar un cuestonari del video. iEduca (assist\u00e8ncia \/ disciplina) El iEduca serveix per treball dependen si ets profesor, estuidiant o familiar. Profesor: posar notes, fer el seguiment de l\u2019alumnat [&hellip;]<\/p>\n","protected":false},"author":1,"featured_media":0,"parent":0,"menu_order":0,"comment_status":"closed","ping_status":"closed","template":"","meta":{"footnotes":""},"class_list":["post-578","page","type-page","status-publish","hentry"],"_links":{"self":[{"href":"https:\/\/jperez.inscastellbisbal.net\/index.php\/wp-json\/wp\/v2\/pages\/578","targetHints":{"allow":["GET"]}}],"collection":[{"href":"https:\/\/jperez.inscastellbisbal.net\/index.php\/wp-json\/wp\/v2\/pages"}],"about":[{"href":"https:\/\/jperez.inscastellbisbal.net\/index.php\/wp-json\/wp\/v2\/types\/page"}],"author":[{"embeddable":true,"href":"https:\/\/jperez.inscastellbisbal.net\/index.php\/wp-json\/wp\/v2\/users\/1"}],"replies":[{"embeddable":true,"href":"https:\/\/jperez.inscastellbisbal.net\/index.php\/wp-json\/wp\/v2\/comments?post=578"}],"version-history":[{"count":11,"href":"https:\/\/jperez.inscastellbisbal.net\/index.php\/wp-json\/wp\/v2\/pages\/578\/revisions"}],"predecessor-version":[{"id":611,"href":"https:\/\/jperez.inscastellbisbal.net\/index.php\/wp-json\/wp\/v2\/pages\/578\/revisions\/611"}],"wp:attachment":[{"href":"https:\/\/jperez.inscastellbisbal.net\/index.php\/wp-json\/wp\/v2\/media?parent=578"}],"curies":[{"name":"wp","href":"https:\/\/api.w.org\/{rel}","templated":true}]}}