{"id":289,"date":"2025-09-23T06:17:50","date_gmt":"2025-09-23T06:17:50","guid":{"rendered":"https:\/\/jperez.inscastellbisbal.net\/?page_id=289"},"modified":"2025-10-27T07:22:42","modified_gmt":"2025-10-27T07:22:42","slug":"configuracio-de-la-asignatura","status":"publish","type":"page","link":"https:\/\/jperez.inscastellbisbal.net\/index.php\/configuracio-de-la-asignatura\/","title":{"rendered":"Configuraci\u00f3 d&#8217;una signatura"},"content":{"rendered":"\n<p>Toqueu l&#8217;engranatge i apareixer\u00e0 una frase que diu Mostra tota la configuraci\u00f3, feu clic aqu\u00ed.<\/p>\n\n\n\n<figure class=\"wp-block-image size-full\"><img decoding=\"async\" width=\"40\" height=\"40\" src=\"https:\/\/jperez.inscastellbisbal.net\/wp-content\/uploads\/2025\/09\/image-10.png\" alt=\"\" class=\"wp-image-294\"\/><\/figure>\n\n\n\n<figure class=\"wp-block-image size-full\"><img decoding=\"async\" width=\"237\" height=\"71\" src=\"https:\/\/jperez.inscastellbisbal.net\/wp-content\/uploads\/2025\/09\/image-9.png\" alt=\"\" class=\"wp-image-293\"\/><\/figure>\n\n\n\n<hr class=\"wp-block-separator has-alpha-channel-opacity\"\/>\n\n\n\n<p>Despr\u00e9s, v\u00e9s a general i despla\u00e7a&#8217;t cap avall gaireb\u00e9 completament, on has posat Signatura.<\/p>\n\n\n\n<figure class=\"wp-block-image size-full\"><img decoding=\"async\" width=\"750\" height=\"44\" src=\"https:\/\/jperez.inscastellbisbal.net\/wp-content\/uploads\/2025\/09\/image-12.png\" alt=\"\" class=\"wp-image-296\" srcset=\"https:\/\/jperez.inscastellbisbal.net\/wp-content\/uploads\/2025\/09\/image-12.png 750w, https:\/\/jperez.inscastellbisbal.net\/wp-content\/uploads\/2025\/09\/image-12-300x18.png 300w\" sizes=\"(max-width: 750px) 100vw, 750px\" \/><\/figure>\n\n\n\n<figure class=\"wp-block-image size-large\"><img loading=\"lazy\" decoding=\"async\" width=\"1024\" height=\"356\" src=\"https:\/\/jperez.inscastellbisbal.net\/wp-content\/uploads\/2025\/09\/image-8-1024x356.png\" alt=\"\" class=\"wp-image-291\" srcset=\"https:\/\/jperez.inscastellbisbal.net\/wp-content\/uploads\/2025\/09\/image-8-1024x356.png 1024w, https:\/\/jperez.inscastellbisbal.net\/wp-content\/uploads\/2025\/09\/image-8-300x104.png 300w, https:\/\/jperez.inscastellbisbal.net\/wp-content\/uploads\/2025\/09\/image-8-768x267.png 768w, https:\/\/jperez.inscastellbisbal.net\/wp-content\/uploads\/2025\/09\/image-8.png 1055w\" sizes=\"(max-width: 1024px) 100vw, 1024px\" \/><\/figure>\n\n\n\n<hr class=\"wp-block-separator has-alpha-channel-opacity\"\/>\n\n\n\n<p>Aix\u00ed quedaria:<\/p>\n\n\n\n<figure class=\"wp-block-image size-full is-resized\"><img loading=\"lazy\" decoding=\"async\" width=\"523\" height=\"538\" src=\"https:\/\/jperez.inscastellbisbal.net\/wp-content\/uploads\/2025\/10\/image-8.png\" alt=\"\" class=\"wp-image-778\" style=\"width:523px;height:auto\" srcset=\"https:\/\/jperez.inscastellbisbal.net\/wp-content\/uploads\/2025\/10\/image-8.png 523w, https:\/\/jperez.inscastellbisbal.net\/wp-content\/uploads\/2025\/10\/image-8-292x300.png 292w\" sizes=\"(max-width: 523px) 100vw, 523px\" \/><\/figure>\n\n\n\n<p>A l&#8217;altre Gmail arriba el correu amb la frase.<\/p>\n\n\n\n<figure class=\"wp-block-image size-large\"><img loading=\"lazy\" decoding=\"async\" width=\"1024\" height=\"389\" src=\"https:\/\/jperez.inscastellbisbal.net\/wp-content\/uploads\/2025\/10\/image-13-1024x389.png\" alt=\"\" class=\"wp-image-857\" srcset=\"https:\/\/jperez.inscastellbisbal.net\/wp-content\/uploads\/2025\/10\/image-13-1024x389.png 1024w, https:\/\/jperez.inscastellbisbal.net\/wp-content\/uploads\/2025\/10\/image-13-300x114.png 300w, https:\/\/jperez.inscastellbisbal.net\/wp-content\/uploads\/2025\/10\/image-13-768x292.png 768w, https:\/\/jperez.inscastellbisbal.net\/wp-content\/uploads\/2025\/10\/image-13-1536x584.png 1536w, https:\/\/jperez.inscastellbisbal.net\/wp-content\/uploads\/2025\/10\/image-13.png 1597w\" sizes=\"(max-width: 1024px) 100vw, 1024px\" \/><\/figure>\n\n\n\n<hr class=\"wp-block-separator has-alpha-channel-opacity\"\/>\n","protected":false},"excerpt":{"rendered":"<p>Toqueu l&#8217;engranatge i apareixer\u00e0 una frase que diu Mostra tota la configuraci\u00f3, feu clic aqu\u00ed. Despr\u00e9s, v\u00e9s a general i despla\u00e7a&#8217;t cap avall gaireb\u00e9 completament, on has posat Signatura. Aix\u00ed quedaria: A l&#8217;altre Gmail arriba el correu amb la frase.<\/p>\n","protected":false},"author":1,"featured_media":0,"parent":0,"menu_order":0,"comment_status":"closed","ping_status":"closed","template":"","meta":{"footnotes":""},"class_list":["post-289","page","type-page","status-publish","hentry"],"_links":{"self":[{"href":"https:\/\/jperez.inscastellbisbal.net\/index.php\/wp-json\/wp\/v2\/pages\/289","targetHints":{"allow":["GET"]}}],"collection":[{"href":"https:\/\/jperez.inscastellbisbal.net\/index.php\/wp-json\/wp\/v2\/pages"}],"about":[{"href":"https:\/\/jperez.inscastellbisbal.net\/index.php\/wp-json\/wp\/v2\/types\/page"}],"author":[{"embeddable":true,"href":"https:\/\/jperez.inscastellbisbal.net\/index.php\/wp-json\/wp\/v2\/users\/1"}],"replies":[{"embeddable":true,"href":"https:\/\/jperez.inscastellbisbal.net\/index.php\/wp-json\/wp\/v2\/comments?post=289"}],"version-history":[{"count":18,"href":"https:\/\/jperez.inscastellbisbal.net\/index.php\/wp-json\/wp\/v2\/pages\/289\/revisions"}],"predecessor-version":[{"id":859,"href":"https:\/\/jperez.inscastellbisbal.net\/index.php\/wp-json\/wp\/v2\/pages\/289\/revisions\/859"}],"wp:attachment":[{"href":"https:\/\/jperez.inscastellbisbal.net\/index.php\/wp-json\/wp\/v2\/media?parent=289"}],"curies":[{"name":"wp","href":"https:\/\/api.w.org\/{rel}","templated":true}]}}