{"id":1506,"date":"2026-02-09T12:07:56","date_gmt":"2026-02-09T12:07:56","guid":{"rendered":"https:\/\/jperez.inscastellbisbal.net\/?page_id=1506"},"modified":"2026-02-09T12:17:21","modified_gmt":"2026-02-09T12:17:21","slug":"4%ef%b8%8f%e2%83%a3-%f0%9f%92%9a-lecocarpa","status":"publish","type":"page","link":"https:\/\/jperez.inscastellbisbal.net\/index.php\/4%ef%b8%8f%e2%83%a3-%f0%9f%92%9a-lecocarpa\/","title":{"rendered":"4\ufe0f\u20e3 &#8211; \ud83d\udc9a\u200b &#8211; L&#8217;Ecocarpa"},"content":{"rendered":"\n<div class=\"wp-block-buttons is-layout-flex wp-block-buttons-is-layout-flex\">\n<div class=\"wp-block-button\"><a class=\"wp-block-button__link wp-element-button\">Creaci\u00f3 d&#8217;un Quiz de l\u2019impacte ambiental de la inform\u00e0tica<\/a><\/div>\n\n\n\n<div class=\"wp-block-button\"><a class=\"wp-block-button__link wp-element-button\">Creaci\u00f3 d&#8217;un punt de recollida de dispositius electr\u00f2nics en des\u00fas<\/a><\/div>\n\n\n\n<div class=\"wp-block-button\"><a class=\"wp-block-button__link wp-element-button\">Presentaci\u00f3 de solucions software sostenibles<\/a><\/div>\n\n\n\n<div class=\"wp-block-button\"><a class=\"wp-block-button__link wp-element-button\">Configuraci\u00f3 de tauletes per respondre el quiz<\/a><\/div>\n<\/div>\n","protected":false},"excerpt":{"rendered":"","protected":false},"author":1,"featured_media":0,"parent":0,"menu_order":0,"comment_status":"closed","ping_status":"closed","template":"","meta":{"footnotes":""},"class_list":["post-1506","page","type-page","status-publish","hentry"],"_links":{"self":[{"href":"https:\/\/jperez.inscastellbisbal.net\/index.php\/wp-json\/wp\/v2\/pages\/1506","targetHints":{"allow":["GET"]}}],"collection":[{"href":"https:\/\/jperez.inscastellbisbal.net\/index.php\/wp-json\/wp\/v2\/pages"}],"about":[{"href":"https:\/\/jperez.inscastellbisbal.net\/index.php\/wp-json\/wp\/v2\/types\/page"}],"author":[{"embeddable":true,"href":"https:\/\/jperez.inscastellbisbal.net\/index.php\/wp-json\/wp\/v2\/users\/1"}],"replies":[{"embeddable":true,"href":"https:\/\/jperez.inscastellbisbal.net\/index.php\/wp-json\/wp\/v2\/comments?post=1506"}],"version-history":[{"count":2,"href":"https:\/\/jperez.inscastellbisbal.net\/index.php\/wp-json\/wp\/v2\/pages\/1506\/revisions"}],"predecessor-version":[{"id":1524,"href":"https:\/\/jperez.inscastellbisbal.net\/index.php\/wp-json\/wp\/v2\/pages\/1506\/revisions\/1524"}],"wp:attachment":[{"href":"https:\/\/jperez.inscastellbisbal.net\/index.php\/wp-json\/wp\/v2\/media?parent=1506"}],"curies":[{"name":"wp","href":"https:\/\/api.w.org\/{rel}","templated":true}]}}