{"id":1500,"date":"2026-02-09T12:07:10","date_gmt":"2026-02-09T12:07:10","guid":{"rendered":"https:\/\/jperez.inscastellbisbal.net\/?page_id=1500"},"modified":"2026-02-09T12:14:29","modified_gmt":"2026-02-09T12:14:29","slug":"2%ef%b8%8f%e2%83%a3-%f0%9f%a4%96-el-xatbot","status":"publish","type":"page","link":"https:\/\/jperez.inscastellbisbal.net\/index.php\/2%ef%b8%8f%e2%83%a3-%f0%9f%a4%96-el-xatbot\/","title":{"rendered":"2\ufe0f\u20e3 &#8211; \u200b\ud83e\udd16\u200b &#8211; El Xatbot"},"content":{"rendered":"\n<div class=\"wp-block-buttons is-layout-flex wp-block-buttons-is-layout-flex\">\n<div class=\"wp-block-button\"><a class=\"wp-block-button__link wp-element-button\">Preparaci\u00f3 de l&#8217;entorn de treball<\/a><\/div>\n\n\n\n<div class=\"wp-block-button\"><a class=\"wp-block-button__link wp-element-button\">Programaci\u00f3 del WebScraping<\/a><\/div>\n\n\n\n<div class=\"wp-block-button\"><a class=\"wp-block-button__link wp-element-button\">Comunicaci\u00f3 FrontEnd i BackEnd i integraci\u00f3 del Widget a la p\u00e0gina web<\/a><\/div>\n\n\n\n<div class=\"wp-block-button\"><a class=\"wp-block-button__link wp-element-button\">Integraci\u00f3 amb millores funcionals i est\u00e8tiques del FrontEnd<\/a><\/div>\n\n\n\n<div class=\"wp-block-button\"><a class=\"wp-block-button__link wp-element-button\">Implementaci\u00f3 d&#8217;un XatBot amb eines de Vivecoding<\/a><\/div>\n<\/div>\n","protected":false},"excerpt":{"rendered":"","protected":false},"author":1,"featured_media":0,"parent":0,"menu_order":0,"comment_status":"closed","ping_status":"closed","template":"","meta":{"footnotes":""},"class_list":["post-1500","page","type-page","status-publish","hentry"],"_links":{"self":[{"href":"https:\/\/jperez.inscastellbisbal.net\/index.php\/wp-json\/wp\/v2\/pages\/1500","targetHints":{"allow":["GET"]}}],"collection":[{"href":"https:\/\/jperez.inscastellbisbal.net\/index.php\/wp-json\/wp\/v2\/pages"}],"about":[{"href":"https:\/\/jperez.inscastellbisbal.net\/index.php\/wp-json\/wp\/v2\/types\/page"}],"author":[{"embeddable":true,"href":"https:\/\/jperez.inscastellbisbal.net\/index.php\/wp-json\/wp\/v2\/users\/1"}],"replies":[{"embeddable":true,"href":"https:\/\/jperez.inscastellbisbal.net\/index.php\/wp-json\/wp\/v2\/comments?post=1500"}],"version-history":[{"count":2,"href":"https:\/\/jperez.inscastellbisbal.net\/index.php\/wp-json\/wp\/v2\/pages\/1500\/revisions"}],"predecessor-version":[{"id":1521,"href":"https:\/\/jperez.inscastellbisbal.net\/index.php\/wp-json\/wp\/v2\/pages\/1500\/revisions\/1521"}],"wp:attachment":[{"href":"https:\/\/jperez.inscastellbisbal.net\/index.php\/wp-json\/wp\/v2\/media?parent=1500"}],"curies":[{"name":"wp","href":"https:\/\/api.w.org\/{rel}","templated":true}]}}