{"id":1295,"date":"2026-01-27T10:48:11","date_gmt":"2026-01-27T10:48:11","guid":{"rendered":"https:\/\/jperez.inscastellbisbal.net\/?page_id=1295"},"modified":"2026-04-27T09:41:31","modified_gmt":"2026-04-27T09:41:31","slug":"5%ef%b8%8f%e2%83%a3-%f0%9f%a4%96-generacio-dun-xatbot","status":"publish","type":"page","link":"https:\/\/jperez.inscastellbisbal.net\/index.php\/5%ef%b8%8f%e2%83%a3-%f0%9f%a4%96-generacio-dun-xatbot\/","title":{"rendered":"5\ufe0f\u20e3 &#8211; \ud83e\udd16 &#8211; Generaci\u00f3 d\u2019un xatbot"},"content":{"rendered":"\n<div class=\"wp-block-buttons is-layout-flex wp-block-buttons-is-layout-flex\">\n<div class=\"wp-block-button\"><a class=\"wp-block-button__link wp-element-button\">Crear un document de FAQs habituals en una LAN Party<\/a><\/div>\n\n\n\n<div class=\"wp-block-button\"><a class=\"wp-block-button__link wp-element-button\">Preparaci\u00f3 de l&#8217;entorn de treball: GitHub, Colab, Google AI Studio<\/a><\/div>\n\n\n\n<div class=\"wp-block-button\"><a class=\"wp-block-button__link wp-element-button\">\u00das de la IA en la programaci\u00f3 i comentaris al codi. Documentaci\u00f3 del repositori actualitzada (README, CHANGELOG, CONTRIBUTING).<\/a><\/div>\n\n\n\n<div class=\"wp-block-button\"><a class=\"wp-block-button__link wp-element-button\" href=\"https:\/\/jperez.inscastellbisbal.net\/index.php\/programacio-de-les-funcionalitats-basiques-en-el-backend-i-frontend\/\">Programaci\u00f3 de les funcionalitats b\u00e0siques en el BackEnd i FrontEnd<\/a><\/div>\n\n\n\n<div class=\"wp-block-button\"><a class=\"wp-block-button__link wp-element-button\">Integrar el xatbot dins del portal web de la LAN Party<\/a><\/div>\n\n\n\n<div class=\"wp-block-button\"><a class=\"wp-block-button__link wp-element-button\">Integraci\u00f3 amb millores funcionals i est\u00e8tiques del FrontEnd<\/a><\/div>\n\n\n\n<div class=\"wp-block-button\"><a class=\"wp-block-button__link wp-element-button\">Fer el xatbot multiling\u00fce<\/a><\/div>\n\n\n\n<div class=\"wp-block-button\"><a class=\"wp-block-button__link wp-element-button\">Implementaci\u00f3 d&#8217;un XatBot amb eines de Vibecoding<\/a><\/div>\n<\/div>\n","protected":false},"excerpt":{"rendered":"","protected":false},"author":1,"featured_media":0,"parent":0,"menu_order":0,"comment_status":"closed","ping_status":"closed","template":"","meta":{"footnotes":""},"class_list":["post-1295","page","type-page","status-publish","hentry"],"_links":{"self":[{"href":"https:\/\/jperez.inscastellbisbal.net\/index.php\/wp-json\/wp\/v2\/pages\/1295","targetHints":{"allow":["GET"]}}],"collection":[{"href":"https:\/\/jperez.inscastellbisbal.net\/index.php\/wp-json\/wp\/v2\/pages"}],"about":[{"href":"https:\/\/jperez.inscastellbisbal.net\/index.php\/wp-json\/wp\/v2\/types\/page"}],"author":[{"embeddable":true,"href":"https:\/\/jperez.inscastellbisbal.net\/index.php\/wp-json\/wp\/v2\/users\/1"}],"replies":[{"embeddable":true,"href":"https:\/\/jperez.inscastellbisbal.net\/index.php\/wp-json\/wp\/v2\/comments?post=1295"}],"version-history":[{"count":3,"href":"https:\/\/jperez.inscastellbisbal.net\/index.php\/wp-json\/wp\/v2\/pages\/1295\/revisions"}],"predecessor-version":[{"id":1843,"href":"https:\/\/jperez.inscastellbisbal.net\/index.php\/wp-json\/wp\/v2\/pages\/1295\/revisions\/1843"}],"wp:attachment":[{"href":"https:\/\/jperez.inscastellbisbal.net\/index.php\/wp-json\/wp\/v2\/media?parent=1295"}],"curies":[{"name":"wp","href":"https:\/\/api.w.org\/{rel}","templated":true}]}}